Dec 02 17:59:02.361 INFO testing saml2aws-auto-1.6.7 against master#8940af3cea4a9a9deabcaf843b2f8cad9a83fc61 for beta-1.31-5
Dec 02 17:59:02.361 INFO running `"docker" "create" "-v" "/mnt/big/crater/work/local/target-dirs/beta-1.31-5/worker-4/master#8940af3cea4a9a9deabcaf843b2f8cad9a83fc61:/target:rw,Z" "-v" "/mnt/big/crater/work/local/test-source/worker-4/beta-1.31-5/master#8940af3cea4a9a9deabcaf843b2f8cad9a83fc61:/source:ro,Z" "-v" "/mnt/big/crater/work/local/cargo-home:/cargo-home:ro,Z" "-v" "/mnt/big/crater/work/local/rustup-home:/rustup-home:ro,Z" "-e" "USER_ID=1000" "-e" "SOURCE_DIR=/source" "-e" "USER_ID=1000" "-e" "CMD=cargo +8940af3cea4a9a9deabcaf843b2f8cad9a83fc61-alt build --frozen" "-e" "CARGO_TARGET_DIR=/target" "-e" "CARGO_INCREMENTAL=0" "-e" "RUST_BACKTRACE=full" "-e" "RUSTFLAGS=--cap-lints=warn" "-e" "CARGO_HOME=/cargo-home" "-e" "RUSTUP_HOME=/rustup-home" "-m" "1536M" "--network" "none" "crater"`
Dec 02 17:59:02.862 INFO [stdout] 588cc7091767fecbe32499976c767b2122ee6994a16bf700f94cff20a258139f
Dec 02 17:59:02.864 INFO running `"docker" "start" "-a" "588cc7091767fecbe32499976c767b2122ee6994a16bf700f94cff20a258139f"`
Dec 02 17:59:04.899 INFO [stderr] usermod: no changes
Dec 02 17:59:05.540 INFO [stderr]    Compiling rpassword v2.1.0
Dec 02 17:59:05.551 INFO [stderr]    Compiling serde-xml-rs v0.2.1
Dec 02 17:59:05.563 INFO [stderr]    Compiling cookie v0.10.1
Dec 02 17:59:05.565 INFO [stderr]    Compiling crossterm v0.3.0
Dec 02 17:59:05.566 INFO [stderr]    Compiling cssparser v0.23.10
Dec 02 17:59:05.568 INFO [stderr]    Compiling chrono v0.4.6
Dec 02 17:59:05.576 INFO [stderr]    Compiling secret-service v0.4.0
Dec 02 17:59:05.577 INFO [stderr]    Compiling tokio-core v0.1.17
Dec 02 17:59:13.075 INFO [stderr]    Compiling html5ever v0.22.5
Dec 02 17:59:17.607 INFO [stderr]    Compiling keyring v0.6.1
Dec 02 17:59:20.927 INFO [stderr] error[E0433]: failed to resolve: could not find `Pat` in `syn`
Dec 02 17:59:20.927 INFO [stderr]   --> /cargo-home/registry/src/github.com-1ecc6299db9ec823/cssparser-0.23.10/build/match_byte.rs:89:23
Dec 02 17:59:20.927 INFO [stderr]    |
Dec 02 17:59:20.927 INFO [stderr] 89 |                 &syn::Pat::Lit(syn::PatLit{ref expr}) => {
Dec 02 17:59:20.927 INFO [stderr]    |                       ^^^ could not find `Pat` in `syn`
Dec 02 17:59:20.943 INFO [stderr] 
Dec 02 17:59:20.943 INFO [stderr] error[E0433]: failed to resolve: could not find `Pat` in `syn`
Dec 02 17:59:20.943 INFO [stderr]   --> /cargo-home/registry/src/github.com-1ecc6299db9ec823/cssparser-0.23.10/build/match_byte.rs:95:23
Dec 02 17:59:20.943 INFO [stderr]    |
Dec 02 17:59:20.943 INFO [stderr] 95 |                 &syn::Pat::Range(syn::PatRange { ref lo, ref hi, .. }) => {
Dec 02 17:59:20.943 INFO [stderr]    |                       ^^^ could not find `Pat` in `syn`
Dec 02 17:59:20.943 INFO [stderr] 
Dec 02 17:59:20.951 INFO [stderr] error[E0433]: failed to resolve: could not find `Pat` in `syn`
Dec 02 17:59:20.951 INFO [stderr]    --> /cargo-home/registry/src/github.com-1ecc6299db9ec823/cssparser-0.23.10/build/match_byte.rs:107:23
Dec 02 17:59:20.951 INFO [stderr]     |
Dec 02 17:59:20.951 INFO [stderr] 107 |                 &syn::Pat::Wild(_) => {
Dec 02 17:59:20.951 INFO [stderr]     |                       ^^^ could not find `Pat` in `syn`
Dec 02 17:59:20.951 INFO [stderr] 
Dec 02 17:59:20.951 INFO [stderr] error[E0433]: failed to resolve: could not find `Pat` in `syn`
Dec 02 17:59:20.951 INFO [stderr]    --> /cargo-home/registry/src/github.com-1ecc6299db9ec823/cssparser-0.23.10/build/match_byte.rs:114:23
Dec 02 17:59:20.951 INFO [stderr]     |
Dec 02 17:59:20.951 INFO [stderr] 114 |                 &syn::Pat::Ident(syn::PatIdent { ident, .. }) => {
Dec 02 17:59:20.951 INFO [stderr]     |                       ^^^ could not find `Pat` in `syn`
Dec 02 17:59:20.951 INFO [stderr] 
Dec 02 17:59:20.976 INFO [stderr] error[E0407]: method `fold_stmt` is not a member of trait `Fold`
Dec 02 17:59:20.976 INFO [stderr]    --> /cargo-home/registry/src/github.com-1ecc6299db9ec823/cssparser-0.23.10/build/match_byte.rs:153:5
Dec 02 17:59:20.976 INFO [stderr]     |
Dec 02 17:59:20.976 INFO [stderr] 153 | /     fn fold_stmt(&mut self, stmt: syn::Stmt) -> syn::Stmt {
Dec 02 17:59:20.976 INFO [stderr] 154 | |         match stmt {
Dec 02 17:59:20.976 INFO [stderr] 155 | |             syn::Stmt::Item(syn::Item::Macro(syn::ItemMacro{ ref mac, .. })) => {
Dec 02 17:59:20.976 INFO [stderr] 156 | |                 if mac.path == parse_quote!(match_byte) {
Dec 02 17:59:20.976 INFO [stderr] ...   |
Dec 02 17:59:20.976 INFO [stderr] 163 | |         syn::fold::fold_stmt(self, stmt)
Dec 02 17:59:20.976 INFO [stderr] 164 | |     }
Dec 02 17:59:20.976 INFO [stderr]     | |_____^ not a member of trait `Fold`
Dec 02 17:59:20.977 INFO [stderr] 
Dec 02 17:59:21.003 INFO [stderr] error[E0433]: failed to resolve: could not find `Stmt` in `syn`
Dec 02 17:59:21.003 INFO [stderr]    --> /cargo-home/registry/src/github.com-1ecc6299db9ec823/cssparser-0.23.10/build/match_byte.rs:155:18
Dec 02 17:59:21.003 INFO [stderr]     |
Dec 02 17:59:21.003 INFO [stderr] 155 |             syn::Stmt::Item(syn::Item::Macro(syn::ItemMacro{ ref mac, .. })) => {
Dec 02 17:59:21.003 INFO [stderr]     |                  ^^^^ could not find `Stmt` in `syn`
Dec 02 17:59:21.003 INFO [stderr] 
Dec 02 17:59:21.003 INFO [stderr] error[E0433]: failed to resolve: could not find `Item` in `syn`
Dec 02 17:59:21.003 INFO [stderr]    --> /cargo-home/registry/src/github.com-1ecc6299db9ec823/cssparser-0.23.10/build/match_byte.rs:155:34
Dec 02 17:59:21.003 INFO [stderr]     |
Dec 02 17:59:21.003 INFO [stderr] 155 |             syn::Stmt::Item(syn::Item::Macro(syn::ItemMacro{ ref mac, .. })) => {
Dec 02 17:59:21.003 INFO [stderr]     |                                  ^^^^ could not find `Item` in `syn`
Dec 02 17:59:21.003 INFO [stderr] 
Dec 02 17:59:21.023 INFO [stderr] error[E0433]: failed to resolve: could not find `Stmt` in `syn`
Dec 02 17:59:21.023 INFO [stderr]    --> /cargo-home/registry/src/github.com-1ecc6299db9ec823/cssparser-0.23.10/build/match_byte.rs:157:60
Dec 02 17:59:21.023 INFO [stderr]     |
Dec 02 17:59:21.023 INFO [stderr] 157 |                     return syn::fold::fold_stmt(self, syn::Stmt::Expr(expand_match_byte(&mac.tts)))
Dec 02 17:59:21.023 INFO [stderr]     |                                                            ^^^^ could not find `Stmt` in `syn`
Dec 02 17:59:21.035 INFO [stderr] 
Dec 02 17:59:21.035 INFO [stderr] error[E0423]: expected function, found macro `syn::parse_file`
Dec 02 17:59:21.035 INFO [stderr]   --> /cargo-home/registry/src/github.com-1ecc6299db9ec823/cssparser-0.23.10/build/match_byte.rs:20:15
Dec 02 17:59:21.035 INFO [stderr]    |
Dec 02 17:59:21.035 INFO [stderr] 20 |     let ast = syn::parse_file(&source).expect("Parsing rules.rs module");
Dec 02 17:59:21.035 INFO [stderr]    |               ^^^^^^^^^^^^^^^ did you mean `syn::parse_file!(...)`?
Dec 02 17:59:21.059 INFO [stderr] 
Dec 02 17:59:21.059 INFO [stderr] error[E0573]: expected type, found macro `syn::Arm`
Dec 02 17:59:21.059 INFO [stderr]   --> /cargo-home/registry/src/github.com-1ecc6299db9ec823/cssparser-0.23.10/build/match_byte.rs:30:15
Dec 02 17:59:21.059 INFO [stderr]    |
Dec 02 17:59:21.059 INFO [stderr] 30 |     arms: Vec<syn::Arm>,
Dec 02 17:59:21.059 INFO [stderr]    |               ^^^^^^^^ did you mean `syn::Arm!(...)`?
Dec 02 17:59:21.059 INFO [stderr] 
Dec 02 17:59:21.059 INFO [stderr] error[E0573]: expected type, found macro `syn::Arm`
Dec 02 17:59:21.059 INFO [stderr]   --> /cargo-home/registry/src/github.com-1ecc6299db9ec823/cssparser-0.23.10/build/match_byte.rs:37:27
Dec 02 17:59:21.059 INFO [stderr]    |
Dec 02 17:59:21.059 INFO [stderr] 37 |         arms: many0!(syn!(syn::Arm)) >> (
Dec 02 17:59:21.059 INFO [stderr]    |                           ^^^^^^^^ did you mean `syn::Arm!(...)`?
Dec 02 17:59:21.059 INFO [stderr] 
Dec 02 17:59:21.059 INFO [stderr] error[E0574]: expected struct, variant or union type, found macro `syn::PatLit`
Dec 02 17:59:21.059 INFO [stderr]   --> /cargo-home/registry/src/github.com-1ecc6299db9ec823/cssparser-0.23.10/build/match_byte.rs:89:32
Dec 02 17:59:21.059 INFO [stderr]    |
Dec 02 17:59:21.059 INFO [stderr] 89 |                 &syn::Pat::Lit(syn::PatLit{ref expr}) => {
Dec 02 17:59:21.059 INFO [stderr]    |                                ^^^^^^^^^^^ did you mean `syn::PatLit!(...)`?
Dec 02 17:59:21.059 INFO [stderr] 
Dec 02 17:59:21.059 INFO [stderr] error[E0574]: expected struct, variant or union type, found macro `syn::PatRange`
Dec 02 17:59:21.059 INFO [stderr]   --> /cargo-home/registry/src/github.com-1ecc6299db9ec823/cssparser-0.23.10/build/match_byte.rs:95:34
Dec 02 17:59:21.059 INFO [stderr]    |
Dec 02 17:59:21.059 INFO [stderr] 95 |                 &syn::Pat::Range(syn::PatRange { ref lo, ref hi, .. }) => {
Dec 02 17:59:21.059 INFO [stderr]    |                                  ^^^^^^^^^^^^^ did you mean `syn::PatRange!(...)`?
Dec 02 17:59:21.059 INFO [stderr] 
Dec 02 17:59:21.059 INFO [stderr] error[E0574]: expected struct, variant or union type, found macro `syn::PatIdent`
Dec 02 17:59:21.059 INFO [stderr]    --> /cargo-home/registry/src/github.com-1ecc6299db9ec823/cssparser-0.23.10/build/match_byte.rs:114:34
Dec 02 17:59:21.059 INFO [stderr]     |
Dec 02 17:59:21.059 INFO [stderr] 114 |                 &syn::Pat::Ident(syn::PatIdent { ident, .. }) => {
Dec 02 17:59:21.059 INFO [stderr]     |                                  ^^^^^^^^^^^^^ did you mean `syn::PatIdent!(...)`?
Dec 02 17:59:21.059 INFO [stderr] 
Dec 02 17:59:21.059 INFO [stderr] error[E0573]: expected type, found macro `syn::Stmt`
Dec 02 17:59:21.059 INFO [stderr]    --> /cargo-home/registry/src/github.com-1ecc6299db9ec823/cssparser-0.23.10/build/match_byte.rs:153:35
Dec 02 17:59:21.059 INFO [stderr]     |
Dec 02 17:59:21.059 INFO [stderr] 153 |     fn fold_stmt(&mut self, stmt: syn::Stmt) -> syn::Stmt {
Dec 02 17:59:21.059 INFO [stderr]     |                                   ^^^^^^^^^ did you mean `syn::Stmt!(...)`?
Dec 02 17:59:21.059 INFO [stderr] 
Dec 02 17:59:21.059 INFO [stderr] error[E0573]: expected type, found macro `syn::Stmt`
Dec 02 17:59:21.059 INFO [stderr]    --> /cargo-home/registry/src/github.com-1ecc6299db9ec823/cssparser-0.23.10/build/match_byte.rs:153:49
Dec 02 17:59:21.059 INFO [stderr]     |
Dec 02 17:59:21.059 INFO [stderr] 153 |     fn fold_stmt(&mut self, stmt: syn::Stmt) -> syn::Stmt {
Dec 02 17:59:21.059 INFO [stderr]     |                                                 ^^^^^^^^^ did you mean `syn::Stmt!(...)`?
Dec 02 17:59:21.059 INFO [stderr] 
Dec 02 17:59:21.059 INFO [stderr] error[E0574]: expected struct, variant or union type, found macro `syn::ItemMacro`
Dec 02 17:59:21.059 INFO [stderr]    --> /cargo-home/registry/src/github.com-1ecc6299db9ec823/cssparser-0.23.10/build/match_byte.rs:155:46
Dec 02 17:59:21.059 INFO [stderr]     |
Dec 02 17:59:21.060 INFO [stderr] 155 |             syn::Stmt::Item(syn::Item::Macro(syn::ItemMacro{ ref mac, .. })) => {
Dec 02 17:59:21.060 INFO [stderr]     |                                              ^^^^^^^^^^^^^^ did you mean `syn::ItemMacro!(...)`?
Dec 02 17:59:21.060 INFO [stderr] 
Dec 02 17:59:21.060 INFO [stderr] error[E0423]: expected function, found macro `syn::fold::fold_stmt`
Dec 02 17:59:21.060 INFO [stderr]    --> /cargo-home/registry/src/github.com-1ecc6299db9ec823/cssparser-0.23.10/build/match_byte.rs:157:28
Dec 02 17:59:21.060 INFO [stderr]     |
Dec 02 17:59:21.060 INFO [stderr] 157 |                     return syn::fold::fold_stmt(self, syn::Stmt::Expr(expand_match_byte(&mac.tts)))
Dec 02 17:59:21.060 INFO [stderr]     |                            ^^^^^^^^^^^---------
Dec 02 17:59:21.060 INFO [stderr]     |                            |          |
Dec 02 17:59:21.060 INFO [stderr]     |                            |          did you mean `fold_lit`?
Dec 02 17:59:21.060 INFO [stderr]     |                            did you mean `syn::fold::fold_stmt!(...)`?
Dec 02 17:59:21.060 INFO [stderr] 
Dec 02 17:59:21.060 INFO [stderr] error[E0423]: expected function, found macro `syn::fold::fold_stmt`
Dec 02 17:59:21.060 INFO [stderr]    --> /cargo-home/registry/src/github.com-1ecc6299db9ec823/cssparser-0.23.10/build/match_byte.rs:163:9
Dec 02 17:59:21.060 INFO [stderr]     |
Dec 02 17:59:21.060 INFO [stderr] 163 |         syn::fold::fold_stmt(self, stmt)
Dec 02 17:59:21.060 INFO [stderr]     |         ^^^^^^^^^^^---------
Dec 02 17:59:21.060 INFO [stderr]     |         |          |
Dec 02 17:59:21.060 INFO [stderr]     |         |          did you mean `fold_lit`?
Dec 02 17:59:21.060 INFO [stderr]     |         did you mean `syn::fold::fold_stmt!(...)`?
Dec 02 17:59:21.060 INFO [stderr] 
Dec 02 17:59:21.655 INFO [stderr] error[E0599]: no method named `fold_file` found for type `match_byte::MatchByteParser` in the current scope
Dec 02 17:59:21.655 INFO [stderr]   --> /cargo-home/registry/src/github.com-1ecc6299db9ec823/cssparser-0.23.10/build/match_byte.rs:22:17
Dec 02 17:59:21.655 INFO [stderr]    |
Dec 02 17:59:21.655 INFO [stderr] 14 | struct MatchByteParser {
Dec 02 17:59:21.655 INFO [stderr]    | ---------------------- method `fold_file` not found for this
Dec 02 17:59:21.655 INFO [stderr] ...
Dec 02 17:59:21.655 INFO [stderr] 22 |     let ast = m.fold_file(ast);
Dec 02 17:59:21.655 INFO [stderr]    |                 ^^^^^^^^^
Dec 02 17:59:21.655 INFO [stderr] 
Dec 02 17:59:21.680 INFO [stderr] error[E0609]: no field `pats` on type `&_`
Dec 02 17:59:21.683 INFO [stderr]   --> /cargo-home/registry/src/github.com-1ecc6299db9ec823/cssparser-0.23.10/build/match_byte.rs:87:25
Dec 02 17:59:21.683 INFO [stderr]    |
Dec 02 17:59:21.683 INFO [stderr] 87 |         for pat in &arm.pats {
Dec 02 17:59:21.683 INFO [stderr]    |                         ^^^^
Dec 02 17:59:21.683 INFO [stderr] 
Dec 02 17:59:21.852 INFO [stderr] error[E0026]: struct `syn::ExprMacro` does not have a field named `mac`
Dec 02 17:59:21.852 INFO [stderr]    --> /cargo-home/registry/src/github.com-1ecc6299db9ec823/cssparser-0.23.10/build/match_byte.rs:168:46
Dec 02 17:59:21.852 INFO [stderr]     |
Dec 02 17:59:21.852 INFO [stderr] 168 |             syn::Expr::Macro(syn::ExprMacro{ ref mac, .. }) => {
Dec 02 17:59:21.852 INFO [stderr]     |                                              ^^^^^^^ struct `syn::ExprMacro` does not have this field
Dec 02 17:59:21.852 INFO [stderr] 
Dec 02 17:59:21.867 INFO [stderr] error: aborting due to 22 previous errors
Dec 02 17:59:21.867 INFO [stderr] 
Dec 02 17:59:21.867 INFO [stderr] Some errors occurred: E0026, E0407, E0423, E0433, E0573, E0574, E0599, E0609.
Dec 02 17:59:21.867 INFO [stderr] For more information about an error, try `rustc --explain E0026`.
Dec 02 17:59:21.884 INFO [stderr] error: Could not compile `cssparser`.
Dec 02 17:59:21.884 INFO [stderr] warning: build failed, waiting for other jobs to finish...
Dec 02 17:59:25.423 INFO [stderr] error: build failed
Dec 02 17:59:25.427 INFO [stderr] su: No module specific data is present
Dec 02 17:59:26.311 INFO running `"docker" "inspect" "588cc7091767fecbe32499976c767b2122ee6994a16bf700f94cff20a258139f"`
Dec 02 17:59:26.568 INFO running `"docker" "rm" "-f" "588cc7091767fecbe32499976c767b2122ee6994a16bf700f94cff20a258139f"`
Dec 02 17:59:26.902 INFO [stdout] 588cc7091767fecbe32499976c767b2122ee6994a16bf700f94cff20a258139f
